 -13 + 31. Let x = p + -10. Is 4 a factor of x?
True
Let o(b) = 57*b**3 + 3*b**2 + 2*b. Let r(v) = -115*v**3 - 7*v**2 - 5*v. Let s(i) = 7*o(i) + 3*r(i). Let y be s(1). Suppose 5*j - y = -8. Is 8 a factor of j?
False
Let s(n) = 0 - 38*n + 0 - 1. Let k be s(7). Is (-1)/(-3) - k/9 a multiple of 13?
False
Suppose 0 = 3*d + 123 - 39. Does 7 divide (-8)/d + (-164)/(-14)?
False
Let r be ((-18)/15)/(6/(-15)). Suppose -r*y + 79 = 4*d, -3*y = -5*d - 0*y + 65. Is 14 a factor of d?
False
Let v be (-6)/(1/2*-3). Suppose 0 = 2*j + 2*z - 5*z - 17, -4 = -v*z. Is 8 a factor of j?
False
Suppose -14 = -q + 5*v, -v - 10 = -3*q + 18. Is 2 a factor of q?
False
Suppose -3*m - 4*n = -6*m - 14, -4*m - n = -13. Suppose -5*k - m*x + 85 = -46, -k = 4*x - 19. Is 14 a factor of k?
False
Let j(v) = 9*v + 1. Let f be j(-3). Does 3 divide (-1)/4 + f/(-8)?
True
Let k(f) = -f**2 + f - 5. Let s be k(4). Suppose -5*u = r + 39, -3*r + r + 4*u - 36 = 0. Let i = s - r. Is 4 a factor of i?
False
Is (13 + -4 + 0)*2 even?
True
Suppose 146 = p - 2*m, 3*p - m - 337 = 86. Does 12 divide p?
False
Suppose -3*s + 155 = 2*d - 246, 5*s = -5*d + 665. Let a = s + -220. Let v = -59 - a. Does 13 divide v?
True
Suppose n - q - 26 = 0, 3*n + 3*q = -q + 92. Is 14 a factor of n?
True
Let l(x) = -x**3 - 11*x**2 - 12*x + 14. Let a = 1 - 11. Does 11 divide l(a)?
False
Let g(y) = -4*y + 0 - 4 + 0. Is g(-4) a multiple of 6?
True
Let q(t) = -4*t + 14. Is q(-19) a multiple of 15?
True
Let y(h) = -h**2 - 8*h - 9. Let x be y(-6). Let b be 14 + 2/(1 - x). Let o = 7 + b. Is o a multiple of 10?
True
Suppose -h - 2 - 1 = -2*m, m - 2*h - 3 = 0. Let r = m + 1. Is r a multiple of 2?
True
Let q(f) = -f**3 - 7*f**2 + 8*f + 3. Let r be q(-8). Suppose y = -4*a + 23, -a - 3*y - r = -y. Is a a multiple of 5?
False
Let k be ((-2)/(-6))/(1/237). Let f(s) = 6*s**3 + 1. Let b be f(-2). Let l = b + k. Is 15 a factor of l?
False
Let y(v) = -3*v**2 - v + 216. Does 27 divide y(0)?
True
Let a = -2 + -7. Is 9 a factor of -2*a/6 - -24?
True
Suppose -4*f + 517 = -n, 0 = -2*f - f + 5*n + 392. Suppose f - 4 = 5*p. Is p a multiple of 4?
False
Suppose 4*r - 59 = 3*d, -3*r - 4*d - 26 = -64. Does 2 divide r?
True
Suppose 3*b + 76 = -b. Let o = 0 - b. Is o a multiple of 6?
False
Is 11 a factor of ((-25)/(-2) - -2) + 3/6?
False
Suppose b = -2*c + 2*b - 11, -2*c = -4*b + 14. Let y(w) = -w**3 - 3*w**2 + 7*w + 5. Does 10 divide y(c)?
True
Let d(w) = w**2 - w - 7. Let h be d(4). Let f(l) = 3*l - 2. Is 10 a factor of f(h)?
False
Let a = 9 - 4. Suppose -7 - 8 = a*v. Is 6 a factor of (v/(-2))/((-1)/(-4))?
True
Let m(s) = 6*s**3 - 4*s**2 + 3*s - 2. Is 6 a factor of m(2)?
True
Let o(v) = 3*v**2 + 19*v - 4. Let m be -1 + (-21)/6*2. Is 11 a factor of o(m)?
False
Let i(n) = -n**3 - 4*n**2 - n + 2. Let d be i(-3). Let m = 12 - d. Is m a multiple of 8?
True
Let c(s) = 4*s**3 - 6*s**2 + s - 2. Let i be c(4). Let n = -116 + i. Is 12 a factor of n?
False
Let y(p) = 24*p - 4. Let x be y(5). Suppose 37 + x = 3*i. Suppose 0 = -s + 5, 3*q + s - i = 4*s. Does 11 divide q?
True
Suppose -3*u = -d + 74, d + d + u - 120 = 0. Is 17 a factor of d?
False
Let p(x) = x**3 - x**2 + 3*x - 2. Is p(2) a multiple of 2?
True
Suppose 4*n + 2*w - 24 = 6*w, -4*n - 2*w + 24 = 0. Suppose 2*x - 38 - n = 0. Is x a multiple of 9?
False
Suppose -24*h + 792 = -18*h. Is 22 a factor of h?
True
Let q(m) = -m + 13. Is q(-13) a multiple of 5?
False
Let o = -3 - -9. Suppose -o*m - 15 = -7*m. Is 5 a factor of m?
True
Suppose -3*l + 4*s = 30, -2*l - 2*s = l + 12. Let r be ((-15)/(-2))/(l/(-16)). Suppose -5*j - 42 = -2*b, -4*j + j - r = -b. Is b a multiple of 13?
True
Let b = 222 - 106. Is b a multiple of 29?
True
Let h(s) = 2*s**2 + 12*s + 4. Does 38 divide h(-14)?
True
Let h(v) = 11*v - 7. Is 8 a factor of h(4)?
False
Let y = 8 - 4. Does 12 divide 1*y*12/2?
True
Let m be (10/6)/((-6)/(-18)). Suppose m*u + 4*i - 20 = 0, -2*u - 2*i + 8 = -0*u. Is 3 a factor of u?
False
Suppose 140 = 5*l - 5*h, 3*l + 5*h = -0*h + 100. Is l a multiple of 5?
True
Let v = -3 - -63. Is v a multiple of 12?
True
Let t = -66 + 82. Does 3 divide t?
False
Let t be 1782/14 + (-6)/21. Suppose -150 = -5*b - a, 3*b - 2*a + 24 = t. Does 12 divide b?
False
Suppose -2*v - 36 = -3*o, 10 + 16 = o + 4*v. Does 14 divide o?
True
Is (-7 + 11)*(-30)/(-8) a multiple of 5?
True
Suppose -3*y - 33 = -3*m, 3*m - 2*y - 3*y = 43. Let a = m - -11. Is a a multiple of 5?
False
Suppose -2*a + 3*a = 1. Let p(g) = 15*g + 1. Is 6 a factor of p(a)?
False
Let a = -339 - -483. Suppose s + a = 3*s. Does 24 divide s?
True
Let l be 4/((-30)/33 - -1). Let y = 6 - 4. Suppose -l = -2*o - y*o. Is 5 a factor of o?
False
Suppose -f + 3 = -0. Suppose -2*w = f*w + 415. Let m = w - -116. Is 15 a factor of m?
False
Let l(x) = -x**3 + 14*x**2 + 2*x - 17. Suppose 2*w - 23 = 5. Does 7 divide l(w)?
False
Suppose 0 = 3*x - 4*x + 2*r + 16, -x = 5*r - 9. Is x a multiple of 7?
True
Suppose -3*m - 9 + 0 = 0. Let o(v) = v**2 - 7*v - 4. Let w(j) = 4*j**2 - 22*j - 13. Let r(u) = 7*o(u) - 2*w(u). Is 3 a factor of r(m)?
False
Let w(s) = -9 - 2*s**2 + s**2 - s**3 + 8*s**2 + 2 - 4*s. Let u = 17 - 11. Is w(u) even?
False
Is (-4)/(-6) + 1640/24 a multiple of 23?
True
Suppose 0*l = 3*l - 165. Suppose -l = -4*f + 9. Is 11 a factor of f?
False
Let x(i) = -i**2 + 5*i - 14. Let s(u) = u**2 + u + 1. Let w(y) = 2*s(y) + x(y). Is 9 a factor of w(-10)?
True
Let x(y) = -2*y**2 + 5*y + 7. Let i be x(5). Is 12 a factor of (-6 - -2)/(2/i)?
True
Let r = 32 + 51. Is r a multiple of 47?
False
Suppose 2*y + 0*y + 20 = 4*x, 0 = 5*x - 4*y - 25. Is 7 a factor of (-180)/(-25) - 1/x?
True
Let o(m) = 5*m**2 + 3*m + 3. Let i be o(-3). Suppose 3*w = -3*s + i, w + 89 = 5*s - 2*w. Is s a multiple of 8?
True
Suppose 0*j = 5*j. Let b = 2 - j. Suppose 3*l = -9, 5*u - 4*l = b*u + 141. Is 17 a factor of u?
False
Suppose -5*y - 50 = -3*n, 0 = 5*n - y - 55 - 43. Suppose n = k + 6. Is 7 a factor of k?
True
Suppose -3*b + 2*b + 65 = 4*l, 5*b - 25 = 0. Let q(p) = 7*p + l*p + 1 - 6*p. Is 9 a factor of q(2)?
False
Let x be 18995/(-35) + 2/(-7). Let z = x - -945. Is z/30 + 4/(-10) a multiple of 6?
False
Suppose q - 3*d - 2 = 0, -24 = 3*q - d + 2*d. Let u = 9 - q. Does 5 divide u?
False
Suppose -5*p = -5, 3*c - 2*p = -6*p + 16. Suppose 3*v + 2*v - 4*m - 17 = 0, c*v - m = 18. Suppose s + 8 = z - 6, -3*s - 74 = -v*z. Does 8 divide z?
True
Let s = 653 + -444. Is s a multiple of 23?
False
Suppose -4*k = -4*f - 24, -3*k - 4*f + 8 = k. Let q(h) = -h**3 + 4*h**2 + h - 1. Let w be q(k). Suppose w*b - 80 - 1 = 0. Is b a multiple of 11?
False
Let a = -186 + 127. Let k = -19 - a. Suppose 40 = 4*n - k. Does 18 divide n?
False
Let s = 19 + 41. Is 20 a factor of s?
True
Suppose -2*g + 3*g = 0. Suppose g = q + q - 4. Suppose -64 = -q*u + 44. Is 18 a factor of u?
True
Let n = 1010 + -697. Is n a multiple of 9?
False
Is (3/(-6))/(4/(-32)) a multiple of 4?
True
Suppose 2*l + 60 = 6*l. Let a = -5 + l. Does 5 divide a?
True
Suppose -54*u = -53*u - 352. Does 32 divide u?
True
Let m(a) = -5*a**3 + a**2 - 2*a. Let b be m(-2). Suppose -4*w + b = -3*w. Suppose -2*h = l - 17, -4*l + w = h + 1. Is 4 a factor of l?
False
Let b = -80 + 114. Is 9 a factor of b?
False
Does 16 divide 4/(-1) + 112 + 4?
True
Does 15 divide (23/((-483)/270))/(2/(-14))?
True
Let c(q) = q**3 - 10*q**2 + 7*q + 11. Let g be c(9). Let j be (-14)/g*(1 - -1). Let o(s) = s**3 - s**2 - 3*s - 2. Does 17 divide o(j)?
True
Let k(w) = 84*w**2 + 2*w - 2. Does 28 divide k(1)?
True
Suppose -q = 3*z - 45, -2*z - 35 = -q + 25. Does 10 divide q?
False
Let u be 2 + 0 - (-8 - -10). Let w(o) = 4*o**2 + 3*o + 3. Let c be w(-4). Suppose -3*b - c = -5*s - u*b, -4*s + 4*b + 44 = 0. Is s a multiple of 11?
True
Let f(x) = -x**2 - 10*x - 2. Let y be f(-10). Let n(t) = t + 1. Let u be n(y). Is (27 - u)/2 - -3 a multiple of 9?
False
Let y = 8 - 6. Let v = 2 - y. Suppose -4*x + 2*x = 3*b - 32, v = -x - 5*b + 2. Is 22 a factor of x?
True
Let j(a) = -a**3 + 5*a**2 + 4*a. Suppose g = 5*d - 60, g = -d - g + 23. Let o = d + -8. Does 11 divide j(o)?
False
Let o(n) = -n**2 + 2*n - 1. Let h be o(2). Does 12 divide 30 - -2*(0 + h)?
False
Let j be (-3 - -1)*42/(-4). Let y = 33 - j. Is y a multiple of 10?
False
Let s be (3/6)/(2/48). Let f be (-15)/s*(1 - -3). Let l = f + 15. Is l a multiple of 4?
False
Let t be 